{"id":174,"date":"2018-09-17T13:03:31","date_gmt":"2018-09-17T16:03:31","guid":{"rendered":"https:\/\/operitoambiental.com.br\/site\/?page_id=174"},"modified":"2022-02-18T12:07:11","modified_gmt":"2022-02-18T15:07:11","slug":"profissionais","status":"publish","type":"page","link":"https:\/\/operitoambiental.com.br\/site\/profissionais\/","title":{"rendered":"Quais profissionais atuam com Per\u00edcia Ambiental?"},"content":{"rendered":"<p><span style=\"color: #000000;\">V\u00e1rios s\u00e3o os profissionais que podem atuar em per\u00edcia ambiental. Por\u00e9m, o <strong>Engenheiro Ambiental<\/strong> mostra-se o mais capacitado, devido a sua forma\u00e7\u00e3o generalista. O Engenheiro Ambiental tem s\u00f3lida forma\u00e7\u00e3o t\u00e9cnica na \u00e1rea de ci\u00eancias exatas e tamb\u00e9m conhecimento sobre o comportamento do meio social, econ\u00f4mico e ambiental. Entretanto, a per\u00edcia pode ser de car\u00e1ter <strong>multidisciplinar<\/strong> ou necessitar de conhecimento espec\u00edfico como nas \u00e1reas de <strong>geologia<\/strong>, <strong>biologia<\/strong>, <strong>florestal<\/strong>,\u00a0<strong>veterin\u00e1ria<\/strong>, <strong>medicina<\/strong> e etc.<\/span><\/p>\n<p><span style=\"color: #000000;\">O meio ambiente \u00e9 complexo e pode ser dividido conforme os meios que s\u00e3o afetados. Estes meios, tamb\u00e9m s\u00e3o chamados de\u00a0<strong>compartimentos ambientais<\/strong>, e cada profissional ir\u00e1 desempenhar a sua fun\u00e7\u00e3o espec\u00edfica, visto a amplitude que \u00e9 a mat\u00e9ria ambiental.<\/span><\/p>\n<p><span style=\"color: #000000;\">Na per\u00edcia ambiental, o juiz ir\u00e1 nomear apenas um profissional. O perito nomeado, necessitando de algum outro profissional para lhe auxiliar, afim de compor uma equipe multidisciplinar, dever\u00e1 comunicar formalmente ao juiz a indica\u00e7\u00e3o de profissionais que ir\u00e3o lhe auxiliar, sob sua responsabilidade e espessas.<\/span><\/p>\n<p><span style=\"color: #000000;\">Quando se fizer necess\u00e1rio, a equipe multidisciplinar poder\u00e1 contar com os seguintes profissionais respons\u00e1veis conforme sua atribui\u00e7\u00e3o na elabora\u00e7\u00e3o do laudo pericial:<\/span><\/p>\n<p><img fetchpriority=\"high\" decoding=\"async\" class=\"wp-image-225 aligncenter\" src=\"https:\/\/operitoambiental.com.br\/site\/wp-content\/uploads\/2018\/11\/profissionais-pericia-ambiental-300x238.png\" alt=\"\" width=\"554\" height=\"440\" srcset=\"https:\/\/operitoambiental.com.br\/site\/wp-content\/uploads\/2018\/11\/profissionais-pericia-ambiental-300x238.png 300w, https:\/\/operitoambiental.com.br\/site\/wp-content\/uploads\/2018\/11\/profissionais-pericia-ambiental-600x475.png 600w, https:\/\/operitoambiental.com.br\/site\/wp-content\/uploads\/2018\/11\/profissionais-pericia-ambiental-768x608.png 768w, https:\/\/operitoambiental.com.br\/site\/wp-content\/uploads\/2018\/11\/profissionais-pericia-ambiental-184x146.png 184w, https:\/\/operitoambiental.com.br\/site\/wp-content\/uploads\/2018\/11\/profissionais-pericia-ambiental-50x40.png 50w, https:\/\/operitoambiental.com.br\/site\/wp-content\/uploads\/2018\/11\/profissionais-pericia-ambiental-95x75.png 95w, https:\/\/operitoambiental.com.br\/site\/wp-content\/uploads\/2018\/11\/profissionais-pericia-ambiental.png 957w\" sizes=\"(max-width: 554px) 100vw, 554px\" \/><\/p>\n<p><span style=\"color: #000000;\">A interpreta\u00e7\u00e3o da base de estudo conforme cada compartimento ambiental (f\u00edsico, bi\u00f3tico e antr\u00f3pico\/social) poder\u00e1 ser dado conforme a seguir:<\/span><\/p>\n<p><img decoding=\"async\" class=\"wp-image-235 aligncenter\" src=\"https:\/\/operitoambiental.com.br\/site\/wp-content\/uploads\/2018\/11\/profissionais-pericia-ambiental2-1-300x241.png\" alt=\"\" width=\"529\" height=\"425\" srcset=\"https:\/\/operitoambiental.com.br\/site\/wp-content\/uploads\/2018\/11\/profissionais-pericia-ambiental2-1-300x241.png 300w, https:\/\/operitoambiental.com.br\/site\/wp-content\/uploads\/2018\/11\/profissionais-pericia-ambiental2-1-600x481.png 600w, https:\/\/operitoambiental.com.br\/site\/wp-content\/uploads\/2018\/11\/profissionais-pericia-ambiental2-1-768x616.png 768w, https:\/\/operitoambiental.com.br\/site\/wp-content\/uploads\/2018\/11\/profissionais-pericia-ambiental2-1-182x146.png 182w, https:\/\/operitoambiental.com.br\/site\/wp-content\/uploads\/2018\/11\/profissionais-pericia-ambiental2-1-50x40.png 50w, https:\/\/operitoambiental.com.br\/site\/wp-content\/uploads\/2018\/11\/profissionais-pericia-ambiental2-1-94x75.png 94w, https:\/\/operitoambiental.com.br\/site\/wp-content\/uploads\/2018\/11\/profissionais-pericia-ambiental2-1.png 959w\" sizes=\"(max-width: 529px) 100vw, 529px\" \/><\/p>\n<p><img decoding=\"async\" class=\"wp-image-236 aligncenter\" src=\"https:\/\/operitoambiental.com.br\/site\/wp-content\/uploads\/2018\/11\/pericia-ambiental-fisico-300x233.png\" alt=\"\" width=\"525\" height=\"407\" srcset=\"https:\/\/operitoambiental.com.br\/site\/wp-content\/uploads\/2018\/11\/pericia-ambiental-fisico-300x233.png 300w, https:\/\/operitoambiental.com.br\/site\/wp-content\/uploads\/2018\/11\/pericia-ambiental-fisico-600x466.png 600w, https:\/\/operitoambiental.com.br\/site\/wp-content\/uploads\/2018\/11\/pericia-ambiental-fisico-768x596.png 768w, https:\/\/operitoambiental.com.br\/site\/wp-content\/uploads\/2018\/11\/pericia-ambiental-fisico-188x146.png 188w, https:\/\/operitoambiental.com.br\/site\/wp-content\/uploads\/2018\/11\/pericia-ambiental-fisico-50x39.png 50w, https:\/\/operitoambiental.com.br\/site\/wp-content\/uploads\/2018\/11\/pericia-ambiental-fisico-97x75.png 97w, https:\/\/operitoambiental.com.br\/site\/wp-content\/uploads\/2018\/11\/pericia-ambiental-fisico.png 970w\" sizes=\"(max-width: 525px) 100vw, 525px\" \/><\/p>\n<p><img loading=\"lazy\" decoding=\"async\" class=\"wp-image-237 aligncenter\" src=\"https:\/\/operitoambiental.com.br\/site\/wp-content\/uploads\/2018\/11\/pericia-meio-biotico-300x227.png\" alt=\"\" width=\"596\" height=\"451\" srcset=\"https:\/\/operitoambiental.com.br\/site\/wp-content\/uploads\/2018\/11\/pericia-meio-biotico-300x227.png 300w, https:\/\/operitoambiental.com.br\/site\/wp-content\/uploads\/2018\/11\/pericia-meio-biotico-600x455.png 600w, https:\/\/operitoambiental.com.br\/site\/wp-content\/uploads\/2018\/11\/pericia-meio-biotico-768x582.png 768w, https:\/\/operitoambiental.com.br\/site\/wp-content\/uploads\/2018\/11\/pericia-meio-biotico-1024x776.png 1024w, https:\/\/operitoambiental.com.br\/site\/wp-content\/uploads\/2018\/11\/pericia-meio-biotico-193x146.png 193w, https:\/\/operitoambiental.com.br\/site\/wp-content\/uploads\/2018\/11\/pericia-meio-biotico-50x38.png 50w, https:\/\/operitoambiental.com.br\/site\/wp-content\/uploads\/2018\/11\/pericia-meio-biotico-99x75.png 99w, https:\/\/operitoambiental.com.br\/site\/wp-content\/uploads\/2018\/11\/pericia-meio-biotico.png 1025w\" sizes=\"(max-width: 596px) 100vw, 596px\" \/><\/p>\n<p><img loading=\"lazy\" decoding=\"async\" class=\" wp-image-238 aligncenter\" src=\"https:\/\/operitoambiental.com.br\/site\/wp-content\/uploads\/2018\/11\/pericia-meio-biotico2-300x232.png\" alt=\"\" width=\"580\" height=\"448\" srcset=\"https:\/\/operitoambiental.com.br\/site\/wp-content\/uploads\/2018\/11\/pericia-meio-biotico2-300x232.png 300w, https:\/\/operitoambiental.com.br\/site\/wp-content\/uploads\/2018\/11\/pericia-meio-biotico2-600x464.png 600w, https:\/\/operitoambiental.com.br\/site\/wp-content\/uploads\/2018\/11\/pericia-meio-biotico2-768x594.png 768w, https:\/\/operitoambiental.com.br\/site\/wp-content\/uploads\/2018\/11\/pericia-meio-biotico2-189x146.png 189w, https:\/\/operitoambiental.com.br\/site\/wp-content\/uploads\/2018\/11\/pericia-meio-biotico2-50x39.png 50w, https:\/\/operitoambiental.com.br\/site\/wp-content\/uploads\/2018\/11\/pericia-meio-biotico2-97x75.png 97w, https:\/\/operitoambiental.com.br\/site\/wp-content\/uploads\/2018\/11\/pericia-meio-biotico2.png 1013w\" sizes=\"(max-width: 580px) 100vw, 580px\" \/><\/p>\n<p><img loading=\"lazy\" decoding=\"async\" class=\"wp-image-241 aligncenter\" src=\"https:\/\/operitoambiental.com.br\/site\/wp-content\/uploads\/2018\/11\/pericia-meio-social-300x226.png\" alt=\"\" width=\"576\" height=\"434\" srcset=\"https:\/\/operitoambiental.com.br\/site\/wp-content\/uploads\/2018\/11\/pericia-meio-social-300x226.png 300w, https:\/\/operitoambiental.com.br\/site\/wp-content\/uploads\/2018\/11\/pericia-meio-social-600x451.png 600w, https:\/\/operitoambiental.com.br\/site\/wp-content\/uploads\/2018\/11\/pericia-meio-social-768x577.png 768w, https:\/\/operitoambiental.com.br\/site\/wp-content\/uploads\/2018\/11\/pericia-meio-social-1024x770.png 1024w, https:\/\/operitoambiental.com.br\/site\/wp-content\/uploads\/2018\/11\/pericia-meio-social-194x146.png 194w, https:\/\/operitoambiental.com.br\/site\/wp-content\/uploads\/2018\/11\/pericia-meio-social-50x38.png 50w, https:\/\/operitoambiental.com.br\/site\/wp-content\/uploads\/2018\/11\/pericia-meio-social-100x75.png 100w, https:\/\/operitoambiental.com.br\/site\/wp-content\/uploads\/2018\/11\/pericia-meio-social.png 1036w\" sizes=\"(max-width: 576px) 100vw, 576px\" \/><\/p>\n","protected":false},"excerpt":{"rendered":"<p>V\u00e1rios s\u00e3o os profissionais que podem atuar em per\u00edcia ambiental. Por\u00e9m, o Engenheiro Ambiental mostra-se o mais capacitado, devido a sua forma\u00e7\u00e3o generalista. O Engenheiro Ambiental [&hellip;]<\/p>\n","protected":false},"author":1,"featured_media":0,"parent":0,"menu_order":0,"comment_status":"closed","ping_status":"closed","template":"","meta":{"footnotes":""},"class_list":["post-174","page","type-page","status-publish","hentry"],"_links":{"self":[{"href":"https:\/\/operitoambiental.com.br\/site\/wp-json\/wp\/v2\/pages\/174","targetHints":{"allow":["GET"]}}],"collection":[{"href":"https:\/\/operitoambiental.com.br\/site\/wp-json\/wp\/v2\/pages"}],"about":[{"href":"https:\/\/operitoambiental.com.br\/site\/wp-json\/wp\/v2\/types\/page"}],"author":[{"embeddable":true,"href":"https:\/\/operitoambiental.com.br\/site\/wp-json\/wp\/v2\/users\/1"}],"replies":[{"embeddable":true,"href":"https:\/\/operitoambiental.com.br\/site\/wp-json\/wp\/v2\/comments?post=174"}],"version-history":[{"count":17,"href":"https:\/\/operitoambiental.com.br\/site\/wp-json\/wp\/v2\/pages\/174\/revisions"}],"predecessor-version":[{"id":2146,"href":"https:\/\/operitoambiental.com.br\/site\/wp-json\/wp\/v2\/pages\/174\/revisions\/2146"}],"wp:attachment":[{"href":"https:\/\/operitoambiental.com.br\/site\/wp-json\/wp\/v2\/media?parent=174"}],"curies":[{"name":"wp","href":"https:\/\/api.w.org\/{rel}","templated":true}]}}

Quais profissionais atuam com Perícia Ambiental?

<p><span style="color: #000000;">Vários são os profissionais que podem atuar em perícia ambiental. Porém, o <strong>Engenheiro Ambiental</strong> mostra-se o mais capacitado, devido a sua formação generalista. O Engenheiro Ambiental tem sólida formação técnica na área de ciências exatas e também conhecimento sobre o comportamento do meio social, econômico e ambiental. Entretanto, a perícia pode ser de caráter <strong>multidisciplinar</strong> ou necessitar de conhecimento específico como nas áreas de <strong>geologia</strong>, <strong>biologia</strong>, <strong>florestal</strong>, <strong>veterinária</strong>, <strong>medicina</strong> e etc.</span></p>
<p><span style="color: #000000;">O meio ambiente é complexo e pode ser dividido conforme os meios que são afetados. Estes meios, também são chamados de <strong>compartimentos ambientais</strong>, e cada profissional irá desempenhar a sua função específica, visto a amplitude que é a matéria ambiental.</span></p>
<p><span style="color: #000000;">Na perícia ambiental, o juiz irá nomear apenas um profissional. O perito nomeado, necessitando de algum outro profissional para lhe auxiliar, afim de compor uma equipe multidisciplinar, deverá comunicar formalmente ao juiz a indicação de profissionais que irão lhe auxiliar, sob sua responsabilidade e espessas.</span></p>
<p><span style="color: #000000;">Quando se fizer necessário, a equipe multidisciplinar poderá contar com os seguintes profissionais responsáveis conforme sua atribuição na elaboração do laudo pericial:</span></p>
<p><img fetchpriority="high" decoding="async" class="wp-image-225 aligncenter" src="https://operitoambiental.com.br/site/wp-content/uploads/2018/11/profissionais-pericia-ambiental-300x238.png" alt="" width="554" height="440" srcset="https://operitoambiental.com.br/site/wp-content/uploads/2018/11/profissionais-pericia-ambiental-300x238.png 300w, https://operitoambiental.com.br/site/wp-content/uploads/2018/11/profissionais-pericia-ambiental-600x475.png 600w, https://operitoambiental.com.br/site/wp-content/uploads/2018/11/profissionais-pericia-ambiental-768x608.png 768w, https://operitoambiental.com.br/site/wp-content/uploads/2018/11/profissionais-pericia-ambiental-184x146.png 184w, https://operitoambiental.com.br/site/wp-content/uploads/2018/11/profissionais-pericia-ambiental-50x40.png 50w, https://operitoambiental.com.br/site/wp-content/uploads/2018/11/profissionais-pericia-ambiental-95x75.png 95w, https://operitoambiental.com.br/site/wp-content/uploads/2018/11/profissionais-pericia-ambiental.png 957w" sizes="(max-width: 554px) 100vw, 554px" /></p>
<p><span style="color: #000000;">A interpretação da base de estudo conforme cada compartimento ambiental (físico, biótico e antrópico/social) poderá ser dado conforme a seguir:</span></p>
<p><img decoding="async" class="wp-image-235 aligncenter" src="https://operitoambiental.com.br/site/wp-content/uploads/2018/11/profissionais-pericia-ambiental2-1-300x241.png" alt="" width="529" height="425" srcset="https://operitoambiental.com.br/site/wp-content/uploads/2018/11/profissionais-pericia-ambiental2-1-300x241.png 300w, https://operitoambiental.com.br/site/wp-content/uploads/2018/11/profissionais-pericia-ambiental2-1-600x481.png 600w, https://operitoambiental.com.br/site/wp-content/uploads/2018/11/profissionais-pericia-ambiental2-1-768x616.png 768w, https://operitoambiental.com.br/site/wp-content/uploads/2018/11/profissionais-pericia-ambiental2-1-182x146.png 182w, https://operitoambiental.com.br/site/wp-content/uploads/2018/11/profissionais-pericia-ambiental2-1-50x40.png 50w, https://operitoambiental.com.br/site/wp-content/uploads/2018/11/profissionais-pericia-ambiental2-1-94x75.png 94w, https://operitoambiental.com.br/site/wp-content/uploads/2018/11/profissionais-pericia-ambiental2-1.png 959w" sizes="(max-width: 529px) 100vw, 529px" /></p>
<p><img decoding="async" class="wp-image-236 aligncenter" src="https://operitoambiental.com.br/site/wp-content/uploads/2018/11/pericia-ambiental-fisico-300x233.png" alt="" width="525" height="407" srcset="https://operitoambiental.com.br/site/wp-content/uploads/2018/11/pericia-ambiental-fisico-300x233.png 300w, https://operitoambiental.com.br/site/wp-content/uploads/2018/11/pericia-ambiental-fisico-600x466.png 600w, https://operitoambiental.com.br/site/wp-content/uploads/2018/11/pericia-ambiental-fisico-768x596.png 768w, https://operitoambiental.com.br/site/wp-content/uploads/2018/11/pericia-ambiental-fisico-188x146.png 188w, https://operitoambiental.com.br/site/wp-content/uploads/2018/11/pericia-ambiental-fisico-50x39.png 50w, https://operitoambiental.com.br/site/wp-content/uploads/2018/11/pericia-ambiental-fisico-97x75.png 97w, https://operitoambiental.com.br/site/wp-content/uploads/2018/11/pericia-ambiental-fisico.png 970w" sizes="(max-width: 525px) 100vw, 525px" /></p>
<p><img loading="lazy" decoding="async" class="wp-image-237 aligncenter" src="https://operitoambiental.com.br/site/wp-content/uploads/2018/11/pericia-meio-biotico-300x227.png" alt="" width="596" height="451" srcset="https://operitoambiental.com.br/site/wp-content/uploads/2018/11/pericia-meio-biotico-300x227.png 300w, https://operitoambiental.com.br/site/wp-content/uploads/2018/11/pericia-meio-biotico-600x455.png 600w, https://operitoambiental.com.br/site/wp-content/uploads/2018/11/pericia-meio-biotico-768x582.png 768w, https://operitoambiental.com.br/site/wp-content/uploads/2018/11/pericia-meio-biotico-1024x776.png 1024w, https://operitoambiental.com.br/site/wp-content/uploads/2018/11/pericia-meio-biotico-193x146.png 193w, https://operitoambiental.com.br/site/wp-content/uploads/2018/11/pericia-meio-biotico-50x38.png 50w, https://operitoambiental.com.br/site/wp-content/uploads/2018/11/pericia-meio-biotico-99x75.png 99w, https://operitoambiental.com.br/site/wp-content/uploads/2018/11/pericia-meio-biotico.png 1025w" sizes="(max-width: 596px) 100vw, 596px" /></p>
<p><img loading="lazy" decoding="async" class=" wp-image-238 aligncenter" src="https://operitoambiental.com.br/site/wp-content/uploads/2018/11/pericia-meio-biotico2-300x232.png" alt="" width="580" height="448" srcset="https://operitoambiental.com.br/site/wp-content/uploads/2018/11/pericia-meio-biotico2-300x232.png 300w, https://operitoambiental.com.br/site/wp-content/uploads/2018/11/pericia-meio-biotico2-600x464.png 600w, https://operitoambiental.com.br/site/wp-content/uploads/2018/11/pericia-meio-biotico2-768x594.png 768w, https://operitoambiental.com.br/site/wp-content/uploads/2018/11/pericia-meio-biotico2-189x146.png 189w, https://operitoambiental.com.br/site/wp-content/uploads/2018/11/pericia-meio-biotico2-50x39.png 50w, https://operitoambiental.com.br/site/wp-content/uploads/2018/11/pericia-meio-biotico2-97x75.png 97w, https://operitoambiental.com.br/site/wp-content/uploads/2018/11/pericia-meio-biotico2.png 1013w" sizes="(max-width: 580px) 100vw, 580px" /></p>
<p><img loading="lazy" decoding="async" class="wp-image-241 aligncenter" src="https://operitoambiental.com.br/site/wp-content/uploads/2018/11/pericia-meio-social-300x226.png" alt="" width="576" height="434" srcset="https://operitoambiental.com.br/site/wp-content/uploads/2018/11/pericia-meio-social-300x226.png 300w, https://operitoambiental.com.br/site/wp-content/uploads/2018/11/pericia-meio-social-600x451.png 600w, https://operitoambiental.com.br/site/wp-content/uploads/2018/11/pericia-meio-social-768x577.png 768w, https://operitoambiental.com.br/site/wp-content/uploads/2018/11/pericia-meio-social-1024x770.png 1024w, https://operitoambiental.com.br/site/wp-content/uploads/2018/11/pericia-meio-social-194x146.png 194w, https://operitoambiental.com.br/site/wp-content/uploads/2018/11/pericia-meio-social-50x38.png 50w, https://operitoambiental.com.br/site/wp-content/uploads/2018/11/pericia-meio-social-100x75.png 100w, https://operitoambiental.com.br/site/wp-content/uploads/2018/11/pericia-meio-social.png 1036w" sizes="(max-width: 576px) 100vw, 576px" /></p>

<p>Vários são os profissionais que podem atuar em perícia ambiental. Porém, o Engenheiro Ambiental mostra-se o mais capacitado, devido a sua formação generalista. O Engenheiro Ambiental [&hellip;]</p>
